hat is the value of -14 + -18 + 8 + 12 + 56 + (6 - 8)?
42
0 + -21 + (-30 - (27 - 75 - 0))
-3
31 + 2 - (-18 - (-6 - 8))
37
What is the value of -28 + 101 + (-71 - 56)?
-54
What is 55 + (23 - 0) + (14 - (3 + 1))?
88
Calculate (-55 - (-6 - (-9 - (8 - 13)))) + 11.
-42
Evaluate 0 - (24 + (70 - 36)).
-58
What is the value of -1 + -20 + (636 - 628) + 28 + -5?
10
18 + 31 + (-395 - -344)
-2
Calculate (-28 - 5) + (70 - 141 - -99).
-5
(40 - 49) + 59 + 5
55
What is the value of -5 + 1 + -8 + 6 + 10 + (-44 - 1)?
-41
Calculate 15153 + -15139 + (-47 - (-1 - 0)).
-32
Evaluate -44 + -43 + 93 + 64.
70
Evaluate -17 - (20 + -26 + -21) - (-1 + 5) - -17.
23
What is the value of -11 - (-4 - 8) - (-2 - (-24 - (2 + -2)))?
-21
What is the value of 67 + 67 + 31 + -77?
88
Calculate 7 + (-100 + (16 + 9 - 49) - 17).
-134
Evaluate 19 + -16 + ((-10 - -6) + 27 - 11).
15
Evaluate 24 - (86 + -71) - (3 - (-3 + -60)).
-57
What is (-6 - -14) + 12 - (-91 - -88)?
23
What is -2631 - -2643 - (0 + (3 - -1 - -51))?
-43
Evaluate 51 + -14 + 10 + 21 + -11 + -7.
50
What is (0 - 1) + -12 - (179 + -162 - 63)?
33
What is 119 + (-104 - -28) + -6?
37
(43 - 43) + (21 - 16) + -2 + 2 + 0
5
What is (139 - 404 - -251) + 1 + 86?
73
Evaluate (10 - 2 - ((6 - -19) + -11)) + -36.
-42
Calculate 24 + (-17 - (-3 + -9)) + -16 - 46.
-43
Calculate (-28 - -14) + -15 + 29 + (6 - 1 - 62).
-57
(-748 - -724) + (-56 - -4)
-76
What is 128 - (160 + -17 + -49)?
34
Evaluate 143 + -123 - (19 - (45 + -12)).
34
Calculate -19 + -41 + (0 - -8) + (-7 - (8 - 14)).
-53
What is the value of -61 - (-16 + (-32 - -26))?
-39
17 + -4 + (-3 - -2) + 15 + -419 + 331
-61
(24 - (-23 - -1)) + -95
-49
Calculate -10 - (((-4 - 20) + 31 - 12) + -6).
1
What is -32 + (33 - -27 - 110)?
-82
What is (-1 - -1) + 35 + -51 + 2?
-14
Evaluate 38 + -17 + -143 + 65.
-57
Calculate (-27 - -1) + (2191 - 2184).
-19
Evaluate (-5 - 2) + 11 + (2 + 1 - (52 - -3)).
-48
What is 0 + -56 - (-9 - (35 + -32 + -16))?
-60
What is (45 - 29) + (-8 - 0 - -1) - 47?
-38
Calculate 204 + -196 - (-3 - -119).
-108
Evaluate (-12 + 15 - -3) + 6 + 5.
17
12 + -5 + -18 + -14 + 6 + -4
-23
What is the value of 9 - (11 + (-3 - 15) - (-17 + 0))?
-1
(11 - (-23 - -15) - 22) + 76 + 5 + -5
73
Calculate -23 + (43 - 21 - 11 - (3 + -5)).
-10
What is the value of (1261 - 1261) + 0 + 43?
43
Calculate 4 + (9 + -5 + -7 - 12 - -24) - 111.
-98
What is the value of 8 - 68 - (19 + (-57 - -14) + 22)?
-58
(-84 - 0) + 3 + 15
-66
Evaluate -1 - 1 - ((-1 + -12 - 0) + 65).
-54
Evaluate -40 + (-82 - -122) - 68.
-68
What is (-3 - (0 - 4) - 4) + -93 - (-89 + 94)?
-101
What is the value of (-37 + 7 - 13) + 63?
20
-90 + 20 + -18 + 81
-7
-130 + 149 + (6 - (2 + -2)) - -2
27
Evaluate (-1 - 46 - (-24 + (52 - 32))) + -1.
-44
What is the value of 13 + -13 + (41 - 23) - -23?
41
Calculate 2 - (66 + -19 + -4 - (4 + -3)).
-40
Evaluate (-1 - -1) + 4 + (30 + -6 - (23 + -46)).
51
What is (14 + -1 - (-8 - (-13 - 2))) + -4 + 6?
8
14 + -126 + (-58 - -190) + 2 + (1 - 15)
8
Calculate (23 + -2 - (32 + -23)) + -28 - (1 + -5).
-12
Evaluate 16 + (43 - (-1 - -9 - (-3 - 1))).
47
What is the value of -8 + (1 - 28) + 4 + (11 - (10 - 9))?
-21
Evaluate 40 - (26 + -70 + -5 - -43).
46
Evaluate -2 + 2 + (9 + 99 - 23).
85
Calculate (46 - (-32 + 65) - (31 - (-4 + 8))) + -111.
-125
Evaluate (3 + -3 - -22) + -402 + 394.
14
What is the value of (-8 + 1 - 0) + (26 - 25) + 19 + 117?
130
What is the value of 119 + -10 + -76 - ((-4 - -6) + -17)?
48
Calculate 19 - ((-11 - 3) + 26).
7
What is (-94 - -6) + (-60 - (4 + -56)) + -11?
-107
Evaluate (-5 - -2) + 48 + -92 + 142 + -42.
53
Calculate 1 + -2 + -11 + -56 + (11 - 13) + 17.
-53
Calculate (-4 - -15) + (-8 - (-2 - 1 - 1)) + -62.
-55
What is the value of 9 + -38 + 10 + 55 - (0 + 7)?
29
-4569 + 4639 + (-76 - -1) - (1 - -83)
-89
What is -19 + -1 - (9 + -1 + -10 + 10 + -3)?
-25
(-6 - (-15 + 0)) + 2 + (-14 - -20)
17
What is the value of (21 - (41 + -26 + 17)) + (1 - (-2 + 2))?
-10
What is the value of -69 - 0 - (1 - (-2 - 1)) - (-118 - -129)?
-84
What is the value of 20 - (-13 - (-15 - (-19 - -8)) - (20 - 25))?
24
What is 1 - 16 - (-46 - -143 - 143)?
31
Evaluate -11 + 2 - (1 - -2) - (61 + (-3 - 50)).
-20
Calculate -10 + 5 + -5 - (44 + (21 + -6 - 7)).
-62
What is the value of 21 + (16 - 38) + (5 - -4 - -6)?
14
(-24 - (-35 + 4)) + -2 - (5 + 11)
-11
What is 8 - (-4 + (29 - -5) - 24)?
2
Evaluate 9 + -2 + 30 + -36 - 9 - (-1 + -56).
49
Evaluate 18 - 27 - (-6 + -32 + 16).
13
Evaluate 4 + -56 + -2 + -733 + 709.
-78
Calculate 0 - -60 - (3 + -10 + -10 - 0).
77
Evaluate -25 + 1 - (-22 - (28 + -16 + -32)).
-22
What is 14 - (-31 - -2 - (-66 + (-47 - -91)))?
21
-266 + 251 + 0 + -23 + -28
-66
What is 73 + -109 + 1 + 19?
-16
What is the value of 4 - 25 - (-96 - -84)?
-9
Calculate 0 + -34 + (-1581 - -1614) - (-1 - -31).
-31
What is the value of -16 - (66 + -52 - (-1 - (16 - 2)))?
-45
Calculate 43 - 3 - (11 - -48).
-19
Evaluate 33 + (-5 - -2) + (-20 + 14 - -17).
41
What is the value of -4 - 2 - (128 + -119 - -19)?
-34
52 + (27 - 31 - 54)
-6
Calculate 7 + (7 - 36 - -10 - -8) + -13.
-17
Calculate (-4 - (-9 + 2 + -4)) + (1365 - 1383).
-11
What is the value of 13 - (9 + -2 + -13 + 9) - (-4642 + 4589)?
63
What is the value of (99 - 88) + (-66 - -1) + -36 + 26?
-64
-12 + -1 + -11 + 1 + -8
-31
What is -9 - 0 - (7 + (-4 - (23 - 12)) + 9)?
-10
What is the value of (-8 - 17) + (9 - -25) - (-1 + 1 + 0)?
9
Calculate 105 + -117 + -24 - 39.
-75
Evaluate 5 - (-78 + -3 - (9 + -18 + -8 + 7)).
76
What is -36 - (-144 - -95) - -68?
81
-36 - 10 - -82 - 64
-28
5 + (0 + (6 - 22) - (-31 - -28))
-8
What is -38 + (-7 - (3 - 29))?
-19
45 - (4 + (-2 - -31))
12
What is (20 + -25 - -38) + -9?
24
(-33 - (-23 + 2)) + 11 + 31 - 6
24
What is (37 - -1) + 2345 + -2363?
20
What is -13 + -21 + (25 - 8) + 24?
7
Calculate (-2 - -78) + (-6 - (-4 + 12 - 0)).
62
40 + -9 + -57 + 9
-17
What is 0 + 19 + -25 - -16 - 4?
6
What is the value of (91 - (44 - 17)) + -17 + 7 + 3 + 0?
57
(-121 - -83 - -22) + -40
-56
What is -102 + (118 - 55) - -90?
51
20 + (-15 - -8) - (-6 + 86)
-67
What is -15 - ((-1 - (3 + -2) - -1) + 63)?
-77
What is -19 + (-19 - (20 - 46) - 0) + 10?
-2
Evaluate (3 - 24 - (111 + -132) - 13) + 0 + 108.
95
(63 - (8 + 56)) + -69 + 1 + 12
-57
Evaluate -16 + (-39 - (47 - 56)) - -8.
-38
-285 + 319 + 4 + -1 + 8 + 0
45
What is (17 + -26 + 9 - (39 - 1)) + 0?
-38
What is (45 - 48) + -3 + (-4 + -44 - -2)?
-52
Evaluate (-40 - (-5 + 9)) + (1 - -2 - (-72 + 72)).
-41
What is 44 + -27 + (-1 - (3 - -6) - 58)?
-51
Calculate 74 - ((1 - 2) + -14 - (-928 + 900)).
61
What is the value of -77 + 110 + 0 + -6 + 1 + -2?
26
What is 66 + (-10 - 9) + (-3 - (-2 - -3 - 9))?
52
Evaluate 14 + (0 + 19 - 37) + 5 + 109.
110
What is -34 - (4 - 2) - (-38 - -6 - -42)?
-46
(293 - 243) + ((-3 - -2) + -1 - -4) + 0
52
Evaluate -16 + 35 + (-12 + 21 - -25).
53
Evaluate -16 - (-4 + 3 - -27) - (-4 + -5).
-33
Evaluate -37 + (-170 - -109) + 61.
-37
What is the value of (-527 - -511) + (4 + 22 - 3)?
7
What is the value of (-44674 - -44681) + 7 + 0 + 0 + -1?
13
(-8 - ((24 - 38) + -13)) + -5 + -83
-69
Evaluate 33 + (-3 - (-31 + 15 + 5)).
41
Evaluate 8 + -23 + -17 - -57.
25
What is 6 + (-193 - -109 - -72)?
-6
-6 + (-6 - (9 - 18)) - (19 + -20)
-2
What is the value of -51 + 10 + -3 + -12 + 5 + 10 + -5?
-46
What is the value of -77 + 221 + -69 - 83?
-8
What is 0 + 6 + (25 - (21 + -15)) + -14 + -44?
-33
What is the value of -1 - (1 + -11 + (66 - 51) - -1 - 17)?
10
What is -10 - (11 - 5 - (-21 + -28 - (-3 + -7)))?
-55
What is the value of (23 - 49) + 57 + (9 - 1) + 2?
41
(6 - ((9 - -8) + -10)) + (-18 - 3) + -3
-25
What is the value of -2668 + 2643 + (1 - 47)?
-71
What is (7 - -4) + -28 + -93 + 107?
-3
8 - ((-8 - -2) + 38) - (59 - 65)
-18
(43 - 68) + 72 + -60
-13
Evaluate 73 + (89 - 107) + (13 - -2) + (-2 - -8).
76
Calculate (13 + -22 - (-6 + -5 + -2 + 11)) + 63.
56
What is -9 + (100 - 83) + 21 + 1 + (-4 - -3)?
29
(16 - 5) + -29 + -12 + 20
-10
Calculate 7 + -21 + 2 + 4 - (78 + -45).
-41
What is the value of (1 - 9) + -23 + (8 - -4)?
-19
What is -1 - -9 - (331 + -319) - (-2 + 13 + -1)?
-14
What is the value of 10 + 79 + -28 + 15 + -4 + 20?
92
Evaluate 206 + -345 - -201 - (-1 + 2 - (1 - -4)).
66
Calculate (94 - (-70 - -178)) + (2 - 4 - (-2 - -9)).
-23
-8 + -30 + -1 + -9 - (-27 + 41)
-62
Evaluate (30 + -99 - -131) + -47